{"id":2,"date":"2020-03-11T12:56:28","date_gmt":"2020-03-11T11:56:28","guid":{"rendered":"https:\/\/www.lukramedia.sk\/?page_id=2"},"modified":"2020-03-27T12:47:01","modified_gmt":"2020-03-27T11:47:01","slug":"uvodom","status":"publish","type":"page","link":"https:\/\/www.lukramedia.sk\/","title":{"rendered":"\u00davodom"},"content":{"rendered":"\n<p>Na\u0161a spolo\u010dnos\u0165 sa venuje projek\u010dnej a in\u017einierskej \u010dinnosti v oblasti elektro. Hlavnou \u010dinnos\u0165ou je projekcia elektroin\u0161tal\u00e1cii, MaR, ASRTP, silnopr\u00fadovej a slabopr\u00fadovej \u010dasti vybavenia stavieb. \u010ealej sa venujeme n\u00e1vrhom a posudzovan\u00edm osvetlenia vr\u00e1tane v\u00fdpo\u010dtov osvetlen\u00ed interi\u00e9rov a exteri\u00e9rov.  <\/p>\n\n\n\n<blockquote class=\"wp-block-quote\"><p>Ako projektant elektro pracujem od roku 1994. Za\u010d\u00ednal som v spolo\u010dnostiach, ktor\u00e9 sa zaoberali projektovan\u00edm vodohospod\u00e1rskych a technologick\u00fdch stavieb. Tu som z\u00edskal 10- ro\u010dn\u00e9 sk\u00fasenosti v tejto oblasti. N\u00e1sledne som pracoval ako projektant a projektov\u00fd mana\u017e\u00e9r v spolo\u010dnosti, ktor\u00e1 sa zaoberala projektovan\u00edm a realiz\u00e1ciou technologick\u00fdch zariaden\u00ed v priemysle. Okrem silnopr\u00fadov\u00fdch elektroin\u0161tal\u00e1cii sme sa zaoberali aj MaR a ASRTP riaden\u00edm technologick\u00fdch procesov v\u00fdroby. Tu som p\u00f4sobil od 2005 do roku 2008. Od roku 2008 p\u00f4sob\u00edm ako samostatn\u00fd Autorizovan\u00ed stavebn\u00fd in\u017einier &#8211; projektant v oblasti technick\u00e9ho a technologick\u00e9ho vybavenia stavieb.  <\/p><\/blockquote>\n\n\n\n<div class=\"wp-block-group\"><div class=\"wp-block-group__inner-container\">\n<div class=\"wp-block-columns\">\n<div class=\"wp-block-column\">\n<figure class=\"wp-block-image size-large\"><img loading=\"lazy\" width=\"512\" height=\"334\" src=\"https:\/\/www.lukramedia.sk\/wp-content\/uploads\/2020\/03\/elektro1-1.jpg\" alt=\"\" class=\"wp-image-104\" srcset=\"https:\/\/www.lukramedia.sk\/wp-content\/uploads\/2020\/03\/elektro1-1.jpg 512w, https:\/\/www.lukramedia.sk\/wp-content\/uploads\/2020\/03\/elektro1-1-300x196.jpg 300w\" sizes=\"(max-width: 512px) 100vw, 512px\" \/><\/figure>\n<\/div>\n\n\n\n<div class=\"wp-block-column\">\n<figure class=\"wp-block-image size-large\"><img loading=\"lazy\" width=\"512\" height=\"335\" src=\"https:\/\/www.lukramedia.sk\/wp-content\/uploads\/2020\/03\/elektro2-1.jpg\" alt=\"\" class=\"wp-image-105\" srcset=\"https:\/\/www.lukramedia.sk\/wp-content\/uploads\/2020\/03\/elektro2-1.jpg 512w, https:\/\/www.lukramedia.sk\/wp-content\/uploads\/2020\/03\/elektro2-1-300x196.jpg 300w\" sizes=\"(max-width: 512px) 100vw, 512px\" \/><\/figure>\n<\/div>\n\n\n\n<div class=\"wp-block-column\">\n<figure class=\"wp-block-image size-large\"><img loading=\"lazy\" width=\"1024\" height=\"699\" src=\"https:\/\/www.lukramedia.sk\/wp-content\/uploads\/2020\/03\/elektro3.jpg\" alt=\"\" class=\"wp-image-106\" srcset=\"https:\/\/www.lukramedia.sk\/wp-content\/uploads\/2020\/03\/elektro3.jpg 1024w, https:\/\/www.lukramedia.sk\/wp-content\/uploads\/2020\/03\/elektro3-300x205.jpg 300w, https:\/\/www.lukramedia.sk\/wp-content\/uploads\/2020\/03\/elektro3-768x524.jpg 768w\" sizes=\"(max-width: 1024px) 100vw, 1024px\" \/><\/figure>\n<\/div>\n<\/div>\n<\/div><\/div>\n\n\n\n<blockquote class=\"wp-block-quote\"><p>Spolo\u010dnos\u0165 LUKRA MEDIA bola zalo\u017een\u00e1 v roku 2005 a zap\u00edsan\u00e1 v obchodnom registri  a odvtedy poskytuje verejnosti kvalitn\u00e9 slu\u017eby. Nach\u00e1dza sa v obci \u010cataj v okrese Senec. Pracujeme nepretr\u017eite na trhu a zabezpe\u010dujeme kvalitn\u00fa slu\u017ebu na\u0161im z\u00e1kazn\u00edkom tak aby v\u00fdsledky na\u0161ej pr\u00e1ce sl\u00fa\u017eili pre t\u00fdch, ktor\u00fd si ich u N\u00e1s objednali. Za svoje slu\u017eby nesieme zodpovednos\u0165 a garantujeme vysokokvalifikovan\u00e9 slu\u017eby v tejto oblasti podnikania.<\/p><\/blockquote>\n\n\n\n<p> \u201eVa\u0161a pr\u00e1ca vypln\u00ed ve\u013ek\u00fa \u010das\u0165 v\u00e1\u0161ho \u017eivota a jedin\u00fd sp\u00f4sob, ako by\u0165 naozaj spokojn\u00fd, je robi\u0165 veci, ktor\u00e9 pova\u017eujete za skuto\u010dne skvel\u00e9. A jedin\u00fdm sp\u00f4sobom ako vykon\u00e1va\u0165 skvel\u00fa pr\u00e1cu je milova\u0165 to, \u010do rob\u00edte.\u201c<\/p>\n\n\n\n<p> \u2014&nbsp; Steve Jobs americk\u00fd podnikate\u013e a spoluzakladate\u013e spolo\u010dnosti Apple Inc. 1955 &#8211; 2011<\/p>\n\n\n\n<p><\/p>\n","protected":false},"excerpt":{"rendered":"<p>Na\u0161a spolo\u010dnos\u0165 sa venuje projek\u010dnej a in\u017einierskej \u010dinnosti v oblasti elektro. Hlavnou \u010dinnos\u0165ou je projekcia elektroin\u0161tal\u00e1cii, MaR, ASRTP, silnopr\u00fadovej a slabopr\u00fadovej \u010dasti vybavenia stavieb. \u010ealej sa venujeme n\u00e1vrhom a posudzovan\u00edm osvetlenia vr\u00e1tane v\u00fdpo\u010dtov osvetlen\u00ed interi\u00e9rov a exteri\u00e9rov. Ako projektant elektro pracujem od roku 1994. Za\u010d\u00ednal som v spolo\u010dnostiach, ktor\u00e9 sa zaoberali projektovan\u00edm vodohospod\u00e1rskych a technologick\u00fdch &#8230; <a title=\"\u00davodom\" class=\"read-more\" href=\"https:\/\/www.lukramedia.sk\/\">\u010c\u00edta\u0165 viac <span class=\"screen-reader-text\">\u00davodom<\/span><\/a><\/p>\n","protected":false},"author":1,"featured_media":0,"parent":0,"menu_order":0,"comment_status":"closed","ping_status":"open","template":"","meta":[],"yoast_head":"<!-- This site is optimized with the Yoast SEO plugin v14.9 - https:\/\/yoast.com\/wordpress\/plugins\/seo\/ -->\n<title>Projekcia Elektro<\/title>\n<meta name=\"description\" content=\"Firma zaoberaj\u00faca sa projektovan\u00edm a in\u017einierskymi slu\u017ebami v oblasti Elektro. Projekty elektro, n\u00e1vrh osvetlenia, NN, VN rozvody a Bleskozvody.\" \/>\n<meta name=\"robots\" content=\"index, follow, max-snippet:-1, max-image-preview:large, max-video-preview:-1\" \/>\n<link rel=\"canonical\" href=\"https:\/\/www.lukramedia.sk\/\" \/>\n<meta property=\"og:locale\" content=\"sk_SK\" \/>\n<meta property=\"og:type\" content=\"article\" \/>\n<meta property=\"og:title\" content=\"Projekcia Elektro\" \/>\n<meta property=\"og:description\" content=\"Firma zaoberaj\u00faca sa projektovan\u00edm a in\u017einierskymi slu\u017ebami v oblasti Elektro. Projekty elektro, n\u00e1vrh osvetlenia, NN, VN rozvody a Bleskozvody.\" \/>\n<meta property=\"og:url\" content=\"https:\/\/www.lukramedia.sk\/\" \/>\n<meta property=\"og:site_name\" content=\"Projekcia Elektro\" \/>\n<meta property=\"article:publisher\" content=\"https:\/\/www.facebook.com\/lubomir.krajcirovic\" \/>\n<meta property=\"article:modified_time\" content=\"2020-03-27T11:47:01+00:00\" \/>\n<meta property=\"og:image\" content=\"https:\/\/www.lukramedia.sk\/wp-content\/uploads\/2020\/03\/elektro1-1.jpg\" \/>\n<meta name=\"twitter:card\" content=\"summary_large_image\" \/>\n<script type=\"application\/ld+json\" class=\"yoast-schema-graph\">{\"@context\":\"https:\/\/schema.org\",\"@graph\":[{\"@type\":\"Organization\",\"@id\":\"https:\/\/www.lukramedia.sk\/#organization\",\"name\":\"\\u013dubom\\u00edr Kraj\\u010d\\u00edrovi\\u010d - LUKRA MEDIA\",\"url\":\"https:\/\/www.lukramedia.sk\/\",\"sameAs\":[\"https:\/\/www.facebook.com\/lubomir.krajcirovic\"],\"logo\":{\"@type\":\"ImageObject\",\"@id\":\"https:\/\/www.lukramedia.sk\/#logo\",\"inLanguage\":\"sk-SK\",\"url\":\"https:\/\/www.lukramedia.sk\/wp-content\/uploads\/2020\/03\/lukramedia.jpg\",\"width\":1139,\"height\":625,\"caption\":\"\\u013dubom\\u00edr Kraj\\u010d\\u00edrovi\\u010d - LUKRA MEDIA\"},\"image\":{\"@id\":\"https:\/\/www.lukramedia.sk\/#logo\"}},{\"@type\":\"WebSite\",\"@id\":\"https:\/\/www.lukramedia.sk\/#website\",\"url\":\"https:\/\/www.lukramedia.sk\/\",\"name\":\"Projekcia Elektro\",\"description\":\"Projek\\u010dn\\u00e9 a in\\u017einierske slu\\u017eby v elektrotechnike\",\"publisher\":{\"@id\":\"https:\/\/www.lukramedia.sk\/#organization\"},\"potentialAction\":[{\"@type\":\"SearchAction\",\"target\":\"https:\/\/www.lukramedia.sk\/?s={search_term_string}\",\"query-input\":\"required name=search_term_string\"}],\"inLanguage\":\"sk-SK\"},{\"@type\":\"ImageObject\",\"@id\":\"https:\/\/www.lukramedia.sk\/#primaryimage\",\"inLanguage\":\"sk-SK\",\"url\":\"https:\/\/www.lukramedia.sk\/wp-content\/uploads\/2020\/03\/elektro1-1.jpg\",\"width\":512,\"height\":334},{\"@type\":\"WebPage\",\"@id\":\"https:\/\/www.lukramedia.sk\/#webpage\",\"url\":\"https:\/\/www.lukramedia.sk\/\",\"name\":\"Projekcia Elektro\",\"isPartOf\":{\"@id\":\"https:\/\/www.lukramedia.sk\/#website\"},\"primaryImageOfPage\":{\"@id\":\"https:\/\/www.lukramedia.sk\/#primaryimage\"},\"datePublished\":\"2020-03-11T11:56:28+00:00\",\"dateModified\":\"2020-03-27T11:47:01+00:00\",\"description\":\"Firma zaoberaj\\u00faca sa projektovan\\u00edm a in\\u017einierskymi slu\\u017ebami v oblasti Elektro. Projekty elektro, n\\u00e1vrh osvetlenia, NN, VN rozvody a Bleskozvody.\",\"inLanguage\":\"sk-SK\",\"potentialAction\":[{\"@type\":\"ReadAction\",\"target\":[\"https:\/\/www.lukramedia.sk\/\"]}]}]}<\/script>\n<!-- \/ Yoast SEO plugin. -->","_links":{"self":[{"href":"https:\/\/www.lukramedia.sk\/index.php?rest_route=\/wp\/v2\/pages\/2"}],"collection":[{"href":"https:\/\/www.lukramedia.sk\/index.php?rest_route=\/wp\/v2\/pages"}],"about":[{"href":"https:\/\/www.lukramedia.sk\/index.php?rest_route=\/wp\/v2\/types\/page"}],"author":[{"embeddable":true,"href":"https:\/\/www.lukramedia.sk\/index.php?rest_route=\/wp\/v2\/users\/1"}],"replies":[{"embeddable":true,"href":"https:\/\/www.lukramedia.sk\/index.php?rest_route=%2Fwp%2Fv2%2Fcomments&post=2"}],"version-history":[{"count":5,"href":"https:\/\/www.lukramedia.sk\/index.php?rest_route=\/wp\/v2\/pages\/2\/revisions"}],"predecessor-version":[{"id":177,"href":"https:\/\/www.lukramedia.sk\/index.php?rest_route=\/wp\/v2\/pages\/2\/revisions\/177"}],"wp:attachment":[{"href":"https:\/\/www.lukramedia.sk\/index.php?rest_route=%2Fwp%2Fv2%2Fmedia&parent=2"}],"curies":[{"name":"wp","href":"https:\/\/api.w.org\/{rel}","templated":true}]}}